559375 and 4198?
2099
Calculate the greatest common divisor of 94 and 15542336.
94
What is the greatest common factor of 40230 and 3945?
15
What is the highest common divisor of 4388621134 and 14134?
14134
Calculate the highest common factor of 1727352 and 23112.
216
What is the highest common factor of 120602 and 25286?
94
Calculate the highest common divisor of 694062 and 8.
2
Calculate the greatest common factor of 1788 and 14104191.
447
What is the greatest common factor of 21 and 30375331?
7
What is the greatest common divisor of 2011152 and 26400?
528
Calculate the greatest common divisor of 19613112 and 552.
552
What is the greatest common factor of 25163401 and 197?
197
What is the greatest common divisor of 726746 and 8?
2
What is the highest common divisor of 170 and 294134?
34
Calculate the highest common factor of 27774 and 256.
2
What is the greatest common factor of 6618833 and 1274?
13
What is the highest common divisor of 448 and 431508?
28
Calculate the greatest common factor of 594013 and 91.
7
What is the highest common divisor of 292 and 1750441012?
292
What is the highest common divisor of 569984 and 1586?
122
Calculate the greatest common factor of 5459214 and 114686.
802
Calculate the highest common divisor of 5112 and 23886.
18
What is the highest common factor of 1711 and 1285944825?
1711
Calculate the greatest common factor of 8148 and 3654364.
28
Calculate the highest common factor of 56 and 5304384.
8
Calculate the greatest common factor of 29619866 and 662.
662
What is the highest common factor of 978084 and 715080?
1212
Calculate the greatest common divisor of 73675742 and 280.
14
What is the highest common divisor of 33329499 and 32004?
2667
Calculate the highest common factor of 143 and 55676205.
13
Calculate the greatest common divisor of 418904 and 1592.
8
Calculate the highest common divisor of 20358 and 1074450.
2262
Calculate the highest common factor of 1669477 and 1036.
37
Calculate the highest common divisor of 209 and 75834.
11
Calculate the highest common factor of 20367263 and 1407.
469
Calculate the highest common divisor of 1828536 and 23058.
366
What is the greatest common divisor of 154164 and 113187?
87
Calculate the greatest common divisor of 38041104 and 48.
48
What is the highest common divisor of 184442412 and 18?
6
Calculate the greatest common divisor of 4343 and 552571.
101
Calculate the greatest common divisor of 13027888 and 32.
16
What is the greatest common factor of 316936578 and 12?
6
What is the highest common divisor of 36362865 and 1330?
665
What is the highest common divisor of 17922 and 143724?
174
What is the greatest common factor of 4112313 and 150981?
2559
Calculate the highest common factor of 10164 and 506475508.
3388
What is the greatest common factor of 230002945 and 118?
59
What is the greatest common divisor of 4563130 and 880?
110
What is the greatest common divisor of 105560014 and 98?
98
What is the greatest common divisor of 5190090 and 918690?
3390
What is the highest common divisor of 1463 and 38418?
19
What is the highest common factor of 1683923 and 2494?
43
Calculate the highest common divisor of 26005206 and 663.
51
What is the highest common factor of 41433 and 903?
21
What is the highest common factor of 11267227 and 24713?
1901
What is the greatest common factor of 25172 and 2228621?
899
What is the highest common divisor of 527 and 1061640973?
527
Calculate the greatest common factor of 10 and 33397460.
10
What is the greatest common factor of 27269 and 598697?
407
Calculate the greatest common divisor of 37463172 and 102.
102
Calculate the greatest common divisor of 75551399 and 847.
77
What is the greatest common factor of 162 and 46162?
2
Calculate the highest common divisor of 489 and 212457460.
163
What is the highest common divisor of 537183 and 24?
3
Calculate the highest common divisor of 538 and 80280898.
538
Calculate the highest common factor of 1045 and 2077042.
209
What is the greatest common factor of 87164300 and 100?
100
Calculate the highest common divisor of 142425674 and 381.
127
Calculate the greatest common factor of 16362 and 63605154.
606
What is the greatest common divisor of 8605976 and 24?
8
What is the highest common divisor of 269350 and 4640?
10
Calculate the greatest common divisor of 34553818 and 247.
247
What is the greatest common factor of 552058605 and 44136?
5517
What is the highest common factor of 517 and 235689443?
517
Calculate the highest common factor of 57 and 461259162.
57
Calculate the greatest common divisor of 16741125 and 2760.
345
Calculate the greatest common factor of 593087508 and 12.
12
What is the highest common divisor of 648 and 3033720?
216
Calculate the highest common divisor of 1128 and 536832.
24
Calculate the greatest common factor of 3367 and 24260678.
481
Calculate the greatest common factor of 60 and 41267796.
12
What is the highest common factor of 202853606 and 46?
46
What is the greatest common divisor of 451 and 102280240?
41
What is the greatest common divisor of 15065 and 3330791?
23
What is the highest common factor of 26 and 65525421?
13
What is the highest common factor of 11725378 and 868?
434
What is the greatest common factor of 235246764 and 24?
12
What is the highest common factor of 21547 and 56927?
29
Calculate the greatest common factor of 2900 and 55617700.
100
Calculate the highest common divisor of 4 and 37859908.
4
What is the highest common factor of 320 and 128078400?
320
Calculate the highest common factor of 17287867 and 4848.
101
Calculate the highest common factor of 154354 and 17182.
142
What is the greatest common divisor of 6092976 and 6?
6
What is the greatest common factor of 18162 and 10188?
18
What is the highest common factor of 4265 and 202395?
5
Calculate the greatest common divisor of 177 and 14465679.
177
Calculate the greatest common divisor of 220 and 2595070.
10
What is the highest common divisor of 56424 and 1608?
24
What is the highest common divisor of 29008538 and 26?
26
Calculate the highest common divisor of 11203 and 875811.
659
Calculate the greatest common divisor of 312324 and 10404676.
6124
Calculate the greatest common divisor of 1408824 and 1037952.
1224
Calculate the greatest common factor of 3115116 and 738.
18
What is the greatest common divisor of 108031255 and 39410?
2815
What is the greatest common divisor of 73305 and 1551170?
905
What is the highest common factor of 15 and 4383363?
3
What is the highest common factor of 183141312 and 3648?
192
What is the greatest common divisor of 14996 and 1122907?
163
Calculate the highest common divisor of 6066 and 17028610.
674
What is the highest common factor of 26537357 and 98857?
2299
What is the highest common divisor of 10452 and 73982740?
3484
What is the greatest common factor of 194 and 32772?
2
What is the greatest common divisor of 3373092 and 41796?
1548
Calculate the highest common factor of 18504 and 9947442.
1542
Calculate the greatest common divisor of 29112136 and 2.
2
What is the greatest common divisor of 2261 and 21402031?
119
Calculate the highest common factor of 18640752 and 1248.
624
What is the greatest common factor of 7105 and 1337045?
145
What is the highest common factor of 225 and 255525?
75
What is the greatest common factor of 825 and 25420120?
55
Calculate the greatest common factor of 1088320 and 3456.
64
Calculate the highest common divisor of 345807 and 168399.
693
What is the highest common divisor of 15747052 and 1236?
412
What is the highest common divisor of 36 and 63984258?
18
What is the highest common factor of 30 and 111203205?
15
Calculate the greatest common factor of 1332195 and 210.
15
Calculate the greatest common factor of 5056 and 4154136.
632
What is the highest common factor of 17885633 and 467?
467
Calculate the greatest common factor of 8767 and 9657249.
797
Calculate the greatest common factor of 44705980 and 55.
55
What is the greatest common divisor of 5153172 and 1092?
12
What is the highest common factor of 163455 and 26481633?
1923
Calculate the highest common factor of 132181234 and 4058.
4058
Calculate the greatest common divisor of 20 and 29191796.
4
Calculate the greatest common divisor of 199287 and 265815.
297
Calculate t